{"id":34,"date":"2014-06-18T11:14:16","date_gmt":"2014-06-18T09:14:16","guid":{"rendered":"http:\/\/www.vir.nrw.de\/?page_id=34"},"modified":"2018-02-13T11:30:45","modified_gmt":"2018-02-13T09:30:45","slug":"termine-anmeldung","status":"publish","type":"page","link":"https:\/\/www.vir.nrw.de\/?page_id=34","title":{"rendered":"Termine \/ Anmeldung"},"content":{"rendered":"<p><strong>Train-the-Trainer-Fortbildung am 19. bis 22. Juni 2018<\/strong><\/p>\n<p>Die sechste Trainer\/innen-Ausbildung im VIR-Projekt findet vom 19. bis 22. Juni 2018 im DGB Jugendbildungszentrum in Hattingen statt. Genauere Informationen finden Sie <a href=\"https:\/\/www.vir.nrw.de\/wp-content\/uploads\/VIR-Trainerausbildung_2018.pdf\">hier<\/a>. Wie im Jahr 2017 richtet sich die Ausbildung an Teilnehmende aus allen Bundesl\u00e4ndern.<\/p>\n<p><font Color=\"grey\"><i><br \/>\n<strong>Train-the-Trainer-Fortbildung am 25. bis 28. September 2017<\/strong><\/p>\n<p>Im Jugendg\u00e4stehaus Bielefeld findet vom 25. bis 28. September 2017 die f\u00fcnfte Trainer\/innen-Ausbildung im VIR-Projekt statt. Genauere Informationen bietet das <a href=\"http:\/\/www.vir.nrw.de\/wp-content\/uploads\/VIR_Trainerausbildung_2017.pdf\" target=\"_blank\" rel=\"noopener\">Faltblatt &#8222;Trainer\/innen-Ausbildung 2017&#8220;<\/a>. Die Ausbildung wird durch die Bundeszentrale f\u00fcr politische Bildung begleitet, sie richtet sich zum ersten Mal gleicherma\u00dfen an Teilnehmende aus NRW und aus allen anderen Bundesl\u00e4ndern.<\/p>\n<p><strong>Train-the-Trainer-Fortbildung am 27. bis 30. September 2016<\/strong><\/p>\n<p>Vom 27. bis 30. September 2016 findet in der Ev. Tagungsst\u00e4tte Franz-Dohrmann-Haus in Marienheide die n\u00e4chste Trainer\/innen-Ausbildung im VIR-Projekt statt. N\u00e4here Informationen und Kontaktdaten zur Anmeldung finden Sie <a href=\"http:\/\/www.vir.nrw.de\/wp-content\/uploads\/VIR_Flyer_2016_web.pdf\" target=\"_blank\" rel=\"noopener\">hier<\/a>.<\/p>\n<p><strong>Train-the-Trainer-Fortbildung am 25. bis 28. August 2015<\/strong><\/p>\n<p>Das Tagungs- und G\u00e4stehaus des CJD in Bonn ist der Ort einer weiteren Train-the-Trainer-Fortbildung. Infos zur Veranstaltung sowie Hinweise und Kontaktdaten zur Anmeldung entnehmen Sie bitte dem <a href=\"http:\/\/www.vir.nrw.de\/wp-content\/uploads\/VIR_Ausbildung_2015.pdf\" target=\"_blank\" rel=\"noopener\">Faltblatt &#8222;Trainer\/innen-Ausbildung&#8220;<\/a>.<\/p>\n<p><strong>Train-the-Trainer-Fortbildung am 25. bis 28. November 2014\u00a0<\/strong><\/p>\n<p>Die Train-the-Trainer-Fortbildung\u00a0findet im Salvador-Allende-Haus in Oer-Erkenschwick statt. Analog zum MOVE-Konzept werden VIR-Fortbildungen in Doppelmoderation geleitet. In der Train-the-Trainer-Fortbildung werden daher Zweierteams ausgebildet, die k\u00fcnftig landesweit VIR-Fortbildungen f\u00fcr unterschiedliche Zielgruppen anbieten k\u00f6nnen. Daher sollten sich am besten jeweils zwei Personen\u00a0gemeinsam anmelden. Die Teilnehmenden sollten \u00fcber Berufserfahrung in der p\u00e4dagogischen Arbeit bzw. der Beratungst\u00e4tigkeit und \u00fcber Grundwissen zum Thema Rechtsextremismus verf\u00fcgen. Der Teilnahmebeitrag betr\u00e4gt 110 Euro.<\/p>\n<p>\u2013 Die Veranstaltung ist leider ausgebucht. Weiterer Termin nach M\u00f6glichkeit in 2015. \u2013<\/p>\n<p>Informationen erhalten Sie bei<\/p>\n<p>Katholische Landesarbeitsgemeinschaft Kinder- und Jugendschutz NW e.V. Salzstra\u00dfe 8<\/em><br \/>\n48143 M\u00fcnster<br \/>\nTel.: 0251\/54027<\/em><br \/>\nFax: 0251\/518609<\/em><br \/>\n<a href=\"mailto:info@thema-jugend.de\">info@thema-jugend.de<\/a><\/p>\n<p><strong>VIR-Pilotfortbildung 3. bis 5. Juni 2014<\/strong><\/p>\n<p>Die VIR-Pilotfortbildung hat in der Volkshochschule Schwerte mit Teilnehmenden aus der Gewaltpr\u00e4vention, der offenen Jugendarbeit, der Schulsozialarbeit und dem Strafvollzug stattgefunden. Die Pilotfortbildung hat ein positives Echo gefunden und die \u00dcbertragung des Konzepts auf Distanzierungsprozesse bei rechtsorientierten Jugendlichen und jungen Erwachsenen best\u00e4tigt. Zahlreiche Anregungen der Teilnehmenden flie\u00dfen in die Trainerfortbildung ein.<\/p>\n<p>&nbsp;<\/font><\/i><\/p>\n<p><strong>Stimmen der Teilnehmenden<\/strong><br \/>\n(aus dem anonymen Feedback zur Veranstaltung):<\/p>\n<p style=\"text-align: center;\"><em>&#8222;Durch perfekte Mischung aus Theorie und Praxis konnte man den Stoff gut verinnerlichen. Nach diesem Lehrgang f\u00fchle ich mich dazu bef\u00e4higt, Gespr\u00e4che zu f\u00fchren, die Ver\u00e4nderungsimpulse sehen, auch wenn es sich nicht um rechtsaktive Personen handelt, da es sich auch auf andere Thematiken umm\u00fcnzen l\u00e4sst. Dazu habe ich noch sehr viel \u00fcber Rechtsextremismus gelernt, wodurch ich es besser erkennen kann, aber auch dadurch besser auf diese Leute eingehen kann.&#8220;<\/em><\/p>\n<p style=\"text-align: center;\">***<\/p>\n<p style=\"text-align: center;\"><em>&#8222;Danke f\u00fcr Eure geleistete Arbeit, bis auf Kleinigkeiten bitte so fortf\u00fchren.&#8220;<\/em><\/p>\n<p style=\"text-align: center;\">***<\/p>\n<p style=\"text-align: center;\"><em>&#8222;Vielschichtig, hilfreich, abwechslungsreich. Als Fazit: Danke f\u00fcr diesen Einblick in 3 Tagen voller Erfahrungen.&#8220;<\/em><\/p>\n<p>&nbsp;<\/p>\n","protected":false},"excerpt":{"rendered":"<p>Train-the-Trainer-Fortbildung am 19. bis 22. Juni 2018 Die sechste Trainer\/innen-Ausbildung im VIR-Projekt findet vom 19. bis 22. Juni 2018 im DGB Jugendbildungszentrum in Hattingen statt. Genauere Informationen finden Sie hier. Wie im Jahr 2017 richtet sich die Ausbildung an Teilnehmende aus allen Bundesl\u00e4ndern. Train-the-Trainer-Fortbildung am 25. bis 28. September 2017 Im Jugendg\u00e4stehaus Bielefeld findet vom &hellip; <a href=\"https:\/\/www.vir.nrw.de\/?page_id=34\" class=\"more-link\"><span class=\"screen-reader-text\">Termine \/ Anmeldung<\/span> weiterlesen <span class=\"meta-nav\">&rarr;<\/span><\/a><\/p>\n","protected":false},"author":1,"featured_media":0,"parent":0,"menu_order":0,"comment_status":"closed","ping_status":"closed","template":"","meta":{"footnotes":""},"class_list":["post-34","page","type-page","status-publish","hentry"],"_links":{"self":[{"href":"https:\/\/www.vir.nrw.de\/index.php?rest_route=\/wp\/v2\/pages\/34","targetHints":{"allow":["GET"]}}],"collection":[{"href":"https:\/\/www.vir.nrw.de\/index.php?rest_route=\/wp\/v2\/pages"}],"about":[{"href":"https:\/\/www.vir.nrw.de\/index.php?rest_route=\/wp\/v2\/types\/page"}],"author":[{"embeddable":true,"href":"https:\/\/www.vir.nrw.de\/index.php?rest_route=\/wp\/v2\/users\/1"}],"replies":[{"embeddable":true,"href":"https:\/\/www.vir.nrw.de\/index.php?rest_route=%2Fwp%2Fv2%2Fcomments&post=34"}],"version-history":[{"count":41,"href":"https:\/\/www.vir.nrw.de\/index.php?rest_route=\/wp\/v2\/pages\/34\/revisions"}],"predecessor-version":[{"id":604,"href":"https:\/\/www.vir.nrw.de\/index.php?rest_route=\/wp\/v2\/pages\/34\/revisions\/604"}],"wp:attachment":[{"href":"https:\/\/www.vir.nrw.de\/index.php?rest_route=%2Fwp%2Fv2%2Fmedia&parent=34"}],"curies":[{"name":"wp","href":"https:\/\/api.w.org\/{rel}","templated":true}]}}

<p><strong>Train-the-Trainer-Fortbildung am 19. bis 22. Juni 2018</strong></p>
<p>Die sechste Trainer/innen-Ausbildung im VIR-Projekt findet vom 19. bis 22. Juni 2018 im DGB Jugendbildungszentrum in Hattingen statt. Genauere Informationen finden Sie <a href="https://www.vir.nrw.de/wp-content/uploads/VIR-Trainerausbildung_2018.pdf">hier</a>. Wie im Jahr 2017 richtet sich die Ausbildung an Teilnehmende aus allen Bundesländern.</p>
<p><font Color="grey"><i><br />
<strong>Train-the-Trainer-Fortbildung am 25. bis 28. September 2017</strong></p>
<p>Im Jugendgästehaus Bielefeld findet vom 25. bis 28. September 2017 die fünfte Trainer/innen-Ausbildung im VIR-Projekt statt. Genauere Informationen bietet das <a href="http://www.vir.nrw.de/wp-content/uploads/VIR_Trainerausbildung_2017.pdf" target="_blank" rel="noopener">Faltblatt &#8222;Trainer/innen-Ausbildung 2017&#8220;</a>. Die Ausbildung wird durch die Bundeszentrale für politische Bildung begleitet, sie richtet sich zum ersten Mal gleichermaßen an Teilnehmende aus NRW und aus allen anderen Bundesländern.</p>
<p><strong>Train-the-Trainer-Fortbildung am 27. bis 30. September 2016</strong></p>
<p>Vom 27. bis 30. September 2016 findet in der Ev. Tagungsstätte Franz-Dohrmann-Haus in Marienheide die nächste Trainer/innen-Ausbildung im VIR-Projekt statt. Nähere Informationen und Kontaktdaten zur Anmeldung finden Sie <a href="http://www.vir.nrw.de/wp-content/uploads/VIR_Flyer_2016_web.pdf" target="_blank" rel="noopener">hier</a>.</p>
<p><strong>Train-the-Trainer-Fortbildung am 25. bis 28. August 2015</strong></p>
<p>Das Tagungs- und Gästehaus des CJD in Bonn ist der Ort einer weiteren Train-the-Trainer-Fortbildung. Infos zur Veranstaltung sowie Hinweise und Kontaktdaten zur Anmeldung entnehmen Sie bitte dem <a href="http://www.vir.nrw.de/wp-content/uploads/VIR_Ausbildung_2015.pdf" target="_blank" rel="noopener">Faltblatt &#8222;Trainer/innen-Ausbildung&#8220;</a>.</p>
<p><strong>Train-the-Trainer-Fortbildung am 25. bis 28. November 2014 </strong></p>
<p>Die Train-the-Trainer-Fortbildung findet im Salvador-Allende-Haus in Oer-Erkenschwick statt. Analog zum MOVE-Konzept werden VIR-Fortbildungen in Doppelmoderation geleitet. In der Train-the-Trainer-Fortbildung werden daher Zweierteams ausgebildet, die künftig landesweit VIR-Fortbildungen für unterschiedliche Zielgruppen anbieten können. Daher sollten sich am besten jeweils zwei Personen gemeinsam anmelden. Die Teilnehmenden sollten über Berufserfahrung in der pädagogischen Arbeit bzw. der Beratungstätigkeit und über Grundwissen zum Thema Rechtsextremismus verfügen. Der Teilnahmebeitrag beträgt 110 Euro.</p>
<p>– Die Veranstaltung ist leider ausgebucht. Weiterer Termin nach Möglichkeit in 2015. –</p>
<p>Informationen erhalten Sie bei</p>
<p>Katholische Landesarbeitsgemeinschaft Kinder- und Jugendschutz NW e.V. Salzstraße 8</em><br />
48143 Münster<br />
Tel.: 0251/54027</em><br />
Fax: 0251/518609</em><br />
<a href="mailto:info@thema-jugend.de">info@thema-jugend.de</a></p>
<p><strong>VIR-Pilotfortbildung 3. bis 5. Juni 2014</strong></p>
<p>Die VIR-Pilotfortbildung hat in der Volkshochschule Schwerte mit Teilnehmenden aus der Gewaltprävention, der offenen Jugendarbeit, der Schulsozialarbeit und dem Strafvollzug stattgefunden. Die Pilotfortbildung hat ein positives Echo gefunden und die Übertragung des Konzepts auf Distanzierungsprozesse bei rechtsorientierten Jugendlichen und jungen Erwachsenen bestätigt. Zahlreiche Anregungen der Teilnehmenden fließen in die Trainerfortbildung ein.</p>
<p>&nbsp;</font></i></p>
<p><strong>Stimmen der Teilnehmenden</strong><br />
(aus dem anonymen Feedback zur Veranstaltung):</p>
<p style="text-align: center;"><em>&#8222;Durch perfekte Mischung aus Theorie und Praxis konnte man den Stoff gut verinnerlichen. Nach diesem Lehrgang fühle ich mich dazu befähigt, Gespräche zu führen, die Veränderungsimpulse sehen, auch wenn es sich nicht um rechtsaktive Personen handelt, da es sich auch auf andere Thematiken ummünzen lässt. Dazu habe ich noch sehr viel über Rechtsextremismus gelernt, wodurch ich es besser erkennen kann, aber auch dadurch besser auf diese Leute eingehen kann.&#8220;</em></p>
<p style="text-align: center;">***</p>
<p style="text-align: center;"><em>&#8222;Danke für Eure geleistete Arbeit, bis auf Kleinigkeiten bitte so fortführen.&#8220;</em></p>
<p style="text-align: center;">***</p>
<p style="text-align: center;"><em>&#8222;Vielschichtig, hilfreich, abwechslungsreich. Als Fazit: Danke für diesen Einblick in 3 Tagen voller Erfahrungen.&#8220;</em></p>
<p>&nbsp;</p>

<p>Train-the-Trainer-Fortbildung am 19. bis 22. Juni 2018 Die sechste Trainer/innen-Ausbildung im VIR-Projekt findet vom 19. bis 22. Juni 2018 im DGB Jugendbildungszentrum in Hattingen statt. Genauere Informationen finden Sie hier. Wie im Jahr 2017 richtet sich die Ausbildung an Teilnehmende aus allen Bundesländern. Train-the-Trainer-Fortbildung am 25. bis 28. September 2017 Im Jugendgästehaus Bielefeld findet vom &hellip; <a href="https://www.vir.nrw.de/?page_id=34" class="more-link"><span class="screen-reader-text">Termine / Anmeldung</span> weiterlesen <span class="meta-nav">&rarr;</span></a></p>
