{"id":20,"date":"2014-06-18T11:11:31","date_gmt":"2014-06-18T09:11:31","guid":{"rendered":"http:\/\/www.vir.nrw.de\/?page_id=20"},"modified":"2020-08-04T14:02:19","modified_gmt":"2020-08-04T12:02:19","slug":"projekt","status":"publish","type":"page","link":"https:\/\/www.vir.nrw.de\/?page_id=20","title":{"rendered":"Projekt"},"content":{"rendered":"<p>VIR ist ein Qualifizierungskonzept f\u00fcr Personen, die beruflich oder ehrenamtlich mit rechtsorientierten Jugendlichen oder jungen Erwachsenen im Kontakt sind. In diesem Sinne \u201erechtsorientiert\u201c sind Jugendliche oder junge Erwachsene, die sich an rechtsextremistischen Cliquen, Organisationen oder Parteien beteiligen und rechtsextremistische Denkmuster zunehmend verinnerlichen, ohne in f\u00fchrender Position in dieser Szene aktiv zu sein. Dies gilt vor allem f\u00fcr Jugendliche und junge Erwachsene in einer Ann\u00e4herungsphase an die rechtsextremistische Szene oder solche, die als Sympathisanten oder Mitl\u00e4ufer beteiligt sind. Das Ziel des VIR-Konzepts ist es, in Alltagssituationen Impulse zu setzen, die zur Ver\u00e4nderung motivieren und den Prozess der Ver\u00e4nderung unterst\u00fctzen. Daher umfasst das Qualifizierungskonzept insbesondere Bausteine zur Motivierenden Gespr\u00e4chsf\u00fchrung und Grundwissen zum Thema Rechtsextremismus.<\/p>\n<ul>\n<li><a title=\"Ziele\" href=\"http:\/\/www.vir.nrw.de\/?page_id=22\">Ziele<\/a><\/li>\n<li><a title=\"Kooperationspartner\" href=\"http:\/\/www.vir.nrw.de\/?page_id=24\">Kooperationspartner<\/a><\/li>\n<li><a title=\"Steuerungsgruppe\" href=\"http:\/\/www.vir.nrw.de\/?page_id=26\">Steuerungsgruppe<\/a><\/li>\n<\/ul>\n","protected":false},"excerpt":{"rendered":"<p>VIR ist ein Qualifizierungskonzept f\u00fcr Personen, die beruflich oder ehrenamtlich mit rechtsorientierten Jugendlichen oder jungen Erwachsenen im Kontakt sind. In diesem Sinne \u201erechtsorientiert\u201c sind Jugendliche oder junge Erwachsene, die sich an rechtsextremistischen Cliquen, Organisationen oder Parteien beteiligen und rechtsextremistische Denkmuster zunehmend verinnerlichen, ohne in f\u00fchrender Position in dieser Szene aktiv zu sein. Dies gilt vor &hellip; <a href=\"https:\/\/www.vir.nrw.de\/?page_id=20\" class=\"more-link\"><span class=\"screen-reader-text\">Projekt<\/span> weiterlesen <span class=\"meta-nav\">&rarr;<\/span><\/a><\/p>\n","protected":false},"author":1,"featured_media":0,"parent":0,"menu_order":0,"comment_status":"closed","ping_status":"closed","template":"","meta":{"footnotes":""},"class_list":["post-20","page","type-page","status-publish","hentry"],"_links":{"self":[{"href":"https:\/\/www.vir.nrw.de\/index.php?rest_route=\/wp\/v2\/pages\/20","targetHints":{"allow":["GET"]}}],"collection":[{"href":"https:\/\/www.vir.nrw.de\/index.php?rest_route=\/wp\/v2\/pages"}],"about":[{"href":"https:\/\/www.vir.nrw.de\/index.php?rest_route=\/wp\/v2\/types\/page"}],"author":[{"embeddable":true,"href":"https:\/\/www.vir.nrw.de\/index.php?rest_route=\/wp\/v2\/users\/1"}],"replies":[{"embeddable":true,"href":"https:\/\/www.vir.nrw.de\/index.php?rest_route=%2Fwp%2Fv2%2Fcomments&post=20"}],"version-history":[{"count":5,"href":"https:\/\/www.vir.nrw.de\/index.php?rest_route=\/wp\/v2\/pages\/20\/revisions"}],"predecessor-version":[{"id":770,"href":"https:\/\/www.vir.nrw.de\/index.php?rest_route=\/wp\/v2\/pages\/20\/revisions\/770"}],"wp:attachment":[{"href":"https:\/\/www.vir.nrw.de\/index.php?rest_route=%2Fwp%2Fv2%2Fmedia&parent=20"}],"curies":[{"name":"wp","href":"https:\/\/api.w.org\/{rel}","templated":true}]}}

<p>VIR ist ein Qualifizierungskonzept für Personen, die beruflich oder ehrenamtlich mit rechtsorientierten Jugendlichen oder jungen Erwachsenen im Kontakt sind. In diesem Sinne „rechtsorientiert“ sind Jugendliche oder junge Erwachsene, die sich an rechtsextremistischen Cliquen, Organisationen oder Parteien beteiligen und rechtsextremistische Denkmuster zunehmend verinnerlichen, ohne in führender Position in dieser Szene aktiv zu sein. Dies gilt vor allem für Jugendliche und junge Erwachsene in einer Annäherungsphase an die rechtsextremistische Szene oder solche, die als Sympathisanten oder Mitläufer beteiligt sind. Das Ziel des VIR-Konzepts ist es, in Alltagssituationen Impulse zu setzen, die zur Veränderung motivieren und den Prozess der Veränderung unterstützen. Daher umfasst das Qualifizierungskonzept insbesondere Bausteine zur Motivierenden Gesprächsführung und Grundwissen zum Thema Rechtsextremismus.</p>
<ul>
<li><a title="Ziele" href="http://www.vir.nrw.de/?page_id=22">Ziele</a></li>
<li><a title="Kooperationspartner" href="http://www.vir.nrw.de/?page_id=24">Kooperationspartner</a></li>
<li><a title="Steuerungsgruppe" href="http://www.vir.nrw.de/?page_id=26">Steuerungsgruppe</a></li>
</ul>

<p>VIR ist ein Qualifizierungskonzept für Personen, die beruflich oder ehrenamtlich mit rechtsorientierten Jugendlichen oder jungen Erwachsenen im Kontakt sind. In diesem Sinne „rechtsorientiert“ sind Jugendliche oder junge Erwachsene, die sich an rechtsextremistischen Cliquen, Organisationen oder Parteien beteiligen und rechtsextremistische Denkmuster zunehmend verinnerlichen, ohne in führender Position in dieser Szene aktiv zu sein. Dies gilt vor &hellip; <a href="https://www.vir.nrw.de/?page_id=20" class="more-link"><span class="screen-reader-text">Projekt</span> weiterlesen <span class="meta-nav">&rarr;</span></a></p>
